t y(d) = 0 - 2*d**2 - 1 - 3 + 11*d + d**2. What is the tens digit of y(a)?
2
What is the units digit of 1 + -7 + 2687 + 11?
2
Let a(n) = -n**3 - 3*n**2 + 4*n - 4. Let q be a(-4). Let h be ((-12)/8)/(2/q). Suppose -5*c + h = u + 5, -u + 16 = -4*c. What is the units digit of u?
8
What is the tens digit of (-3334)/(-10) - (-7 + 444/60)?
3
Let n(j) = -j + 4. Let i be n(8). What is the units digit of 1/(i + (-149)/(-37))?
7
Let n(u) = u**3 + 4*u**2 - 2*u + 1. Let l be n(-6). Let b = l - -68. What is the units digit of b?
9
Let d = -6 + 9. Suppose 4*t - 3*p = 385, 5*t - p = p + 476. Suppose -4*s = -x + 22, 5*s + t = d*x - 0. What is the units digit of x?
8
Suppose -3*m - 308 = -b, 0 = -2*b - 5*m + 13 + 548. What is the units digit of b?
3
Let m be ((-6)/12)/(2/(-4)). Suppose -3*q - 17 = 2*w, -8 = 3*q + m. What is the units digit of (-2)/w + 175/14?
3
Suppose 2*l + 26*b - 22*b = 11608, 0 = 5*b - 15. What is the tens digit of l?
9
Let c(x) = x**3 - 17*x**2 + 17*x - 11. Let g be c(16). Suppose 5 = 2*j - 3*j + 2*w, g*j = -5*w + 35. What is the units digit of j?
3
Suppose -2*r = -5*r + 3*z + 438, 2*z = 6. Let o = -86 + r. What is the tens digit of o?
6
Let n be (-4)/(-16) + 43/4. Let z = 14 - n. Suppose 3*u - 87 = -z*o, 23 = 3*o - 2*o - 2*u. What is the units digit of o?
7
Let l be (-2)/7 - (-4)/14. Let x be 4/(-2)*(-40)/16. Suppose -4*a - a + x = l. What is the units digit of a?
1
Suppose -35*k = -2*k - 8679. What is the tens digit of k?
6
Let b(c) = c**2 - 9. Let j be b(7). Suppose -j = 5*k - 10. Let a = k + 24. What is the units digit of a?
8
Suppose 0 = -4*y - 3*k + 165, -y - k + 46 = -5*k. Let b be (-4)/14 - 1248/y. Let c = -4 - b. What is the tens digit of c?
2
Let n(b) = b**2 + 5*b - 6. Let q be n(-6). Suppose -8*a - 3*a + 506 = q. What is the tens digit of a?
4
Let q = -14 - -19. Let x(n) = -n**3 + 4*n**2 + 4*n + 5. Let f be x(q). What is the units digit of (-11 - f)/(3/(-9))?
3
Let u = 28 - 42. Let r be (-7)/(u/16) + 1. What is the units digit of 602/21 + 12/r?
0
Suppose -7*d + 0*d + 175 = 0. Let j(a) = -a - 2. Let k be j(-4). Suppose d = -k*x + 131. What is the tens digit of x?
5
Let o(f) be the first derivative of 10 + 2/3*f**3 + 4*f**2 + 14*f. What is the tens digit of o(-6)?
3
Let z(q) = -695*q + 283. What is the units digit of z(-3)?
8
Let l(n) = -n**3 + n**2 - 9. Let f be l(5). Let x = -32 - f. What is the tens digit of x?
7
Let r be (-16)/(-80) + 818/10. Let b = r - -91. What is the units digit of b?
3
Let j = 38 + -20. Let z = -12 + j. Suppose 7*p - 43 = z*p. What is the tens digit of p?
4
Suppose -4*i - 16 = 16. Let v(h) = h + 5. Let u be v(i). What is the tens digit of (-28)/u*(-36)/(-24)?
1
Suppose 1842 = w - k, 4*w - 2*k - 5124 = 2240. What is the hundreds digit of w?
8
Let d(s) = 7*s**2 - 4*s + 7. Let g be d(2). Let b = 11 + -34. Let x = b + g. What is the units digit of x?
4
Let w be (8 + -4)/((-4)/10). What is the tens digit of (-4)/w + 632/20?
3
Let l(n) = -n**2 - 5*n + 2. Let w be l(-6). Let s = -2 - w. Suppose 0*k + s*k - 36 = 0. What is the units digit of k?
8
Let d = 47 - 27. Let x = 4 - d. Let b = 32 + x. What is the tens digit of b?
1
Let n(y) = -5*y**2 + 4*y - 4. Let g be n(-4). Let q be ((-6)/(-15))/(4/g). Let u(f) = -3*f + 12. What is the units digit of u(q)?
2
Let d(w) = w**3 + w**2 - 3*w + 2. Let c be d(2). Suppose -5*l = -2*u - c, 4*u = l + 2*l - 16. What is the units digit of 10/u*(-4)/10?
1
Let z = 12 + 42. Suppose z = 3*h + 177. Let f = 58 + h. What is the tens digit of f?
1
Let m(f) = 2*f**2. Let x be m(1). Let i = 7 - x. Suppose 0 = 5*u + o - 210, 3*u + i*o + 27 - 131 = 0. What is the units digit of u?
3
Let t = -4663 - -1552. Let q be t/(-45) + 2/(-15). Suppose -5*n + 181 + q = 0. What is the units digit of n?
0
What is the hundreds digit of ((-3272)/(-6))/(2/6)?
6
Let p(z) = z**3 - 24*z**2 + 6*z - 55. Let n be p(24). Let y = n + 10. What is the units digit of y?
9
Let q(s) = -s**3 + 5*s**2 - 5*s + 2. Let g be q(4). Let v be 1/((-26)/14 - g). What is the units digit of v/(7/2) - -1?
3
What is the hundreds digit of (-7 + 0)/((-3)/219)?
5
Let b be (100/(-35))/(1/(-7)). Suppose 80 = 4*u + b. What is the units digit of u?
5
Let s = 76 + 440. What is the units digit of s?
6
Let u = 482 - -1014. What is the hundreds digit of u?
4
Let h(c) = c**2 + c + 37. Let p(y) = -y - 1. Let n(r) = h(r) + 4*p(r). Suppose -2*v = -5*v. What is the units digit of n(v)?
3
Suppose -8 = 4*n, 8*s + 54 = 4*s + 5*n. What is the units digit of 1114/8 + (-28)/s + -2?
9
Let d = 597 - 29. What is the units digit of d?
8
Let m be 2*15*3/18. Suppose q + 280 = m*q. What is the tens digit of q?
7
Let a be ((-1)/4)/(6/(-72)). Suppose 4*n + 0*w + w = 334, -a*n + 244 = 4*w. Let d = n + -58. What is the tens digit of d?
2
Let h be 264/(-9)*(-21)/(-14). What is the tens digit of 2/11 + (-1928)/h?
4
Suppose -3*t = -8*t + 2260. What is the units digit of t?
2
Let d(u) = -14*u**2 - u + 1362. What is the units digit of d(0)?
2
Let k = 996 - 580. Suppose 3*w + k = 7*w. What is the units digit of w?
4
What is the units digit of ((-12)/(-36))/((-1)/(-1845))?
5
Let m(n) = -70*n + 66. What is the units digit of m(-10)?
6
Let y = -432 + 928. What is the hundreds digit of y?
4
What is the thousands digit of 9/(-12) - (-968)/64*94?
1
Let p(d) = 3*d - 1. Let s be p(2). Suppose 0 = c - s - 10. What is the units digit of c?
5
Suppose 4*d + 4*c - 360 = 0, -177 = -2*d + 2*c - c. Suppose -6*p + 223 + d = 0. What is the tens digit of p?
5
Let x be -2*(-1)/4*10. Let t(y) = y. Let i(z) = 3*z - 11. Let w(u) = x*t(u) - i(u). What is the units digit of w(8)?
7
Let t(x) = x**3 - 3*x + 20. Let f be (-2)/5 - (-5)/((-75)/(-6)). What is the tens digit of t(f)?
2
Suppose -v + 3*z + z + 30 = 0, -2*v = -z - 67. Suppose 0 = -v*a + 39*a - 480. What is the units digit of a?
6
Let q = -27 + 29. Suppose 4*c = 8*c - 432. Suppose q*z = 4*z - c. What is the units digit of z?
4
Let p = 78 + -47. Suppose 0 = -w + 56 + p. Suppose 5*r - w = 193. What is the units digit of r?
6
What is the units digit of -402*(-6)/39 + (-10)/(-65)?
2
Suppose 3*x - 3*b = 21, 3*x + b = 5*x - 15. Let g(j) = j**3 - 7*j**2 + 12*j - 13. What is the hundreds digit of g(x)?
1
Suppose -5*d + 56 = -3*f - d, -5*d = -4*f - 76. Let p = f - -116. What is the units digit of p?
2
Let s = 4091 + 156. What is the tens digit of s?
4
Let k be (-4)/(-4 + 0) - 1. Suppose 0*a - 4*a - 16 = k. What is the tens digit of (a - -3)*(-1 - 36)?
3
Let r(j) = 8*j - 36. Let z be r(5). What is the units digit of 9*(12/z + 68/12)?
8
What is the tens digit of 599/2*(-6 - -8)?
9
Suppose 2256 = 7*u + 41*u. What is the units digit of u?
7
Suppose 0*r - 5*u - 23 = -3*r, -r - 2*u = -15. What is the units digit of r?
1
Suppose -4*n = 4*v - 1745 - 1187, -3*n + 3669 = 5*v. What is the units digit of v?
5
Suppose -3*t - 125 = 28. Let y = 15 - t. What is the tens digit of y?
6
Suppose -5*w + 22 = 2*x - 4*x, 0 = w + 3*x - 1. Suppose -4*u - 4*i = -4, w*i = -3*u - 2*u + 9. Suppose 53 = u*v - 7. What is the tens digit of v?
1
Let f = 18 - 19. Let d(b) = b**3 + 6*b**2 + 4*b - 3. Let a(c) = -c**2 + c - 1. Let x(h) = f*d(h) + 3*a(h). What is the units digit of x(-9)?
9
Suppose -l + 4*f + 10 = 0, -4*f - 2 = 2*l + 2. Suppose 2*o + 314 = d + 3*d, -4*d + 310 = l*o. What is the units digit of d?
8
Let y(o) = 19*o**2 + 11*o + 16. Let s be y(-6). Suppose -4*b - 3*n + 867 = 0, -b + s = 2*b - n. What is the units digit of b?
3
Let w be 0*1/((-6)/(-2)). Suppose w = -2*g + 5*g - 63. Let l = g - 19. What is the units digit of l?
2
Suppose 28*c - 7048 = 12580. What is the hundreds digit of c?
7
Let l(b) = -3*b - 2*b + b - 1. Suppose 0 = -4*v + 4, -d - 3*v = -2*d - 5. What is the units digit of l(d)?
7
Let v(f) = -f + 2. Let g be v(-1). Suppose 71 + 217 = g*u. What is the units digit of u?
6
Suppose -i - 6 = -0. Let m(s) = 13*s**2 + s**3 - 2 + 0*s - 6*s**2 + 2*s. What is the tens digit of m(i)?
2
Let g(q) = 2*q**2 + q + 1. Let l(b) = -b**2. Let x(c) = 2*g(c) + 3*l(c). What is the units digit of x(11)?
5
Suppose 0 = -k + 5*b - 17, 0 = -3*b + 4 + 8. Let y be (-6)/(-2) + ((-3)/(-3) - 24). Let h = k - y. What is the tens digit of h?
2
Let q(z) = -z + 20. Let n be -12*(0 - (-3 + 4)). Let v be q(n). Suppose 0 = v*i - 11*i + 57. What is the tens digit of i?
1
Suppose -3*l + 2*y + 8 